23822 is divided by 2165?
7
Calculate the remainder when 76827 is divided by 605.
597
Calculate the remainder when 4051 is divided by 403.
21
What is the remainder when 1118 is divided by 38?
16
What is the remainder when 464263 is divided by 22?
19
What is the remainder when 452 is divided by 27?
20
Calculate the remainder when 226371 is divided by 45274.
1
Calculate the remainder when 381 is divided by 20.
1
What is the remainder when 161565 is divided by 748?
745
What is the remainder when 11689 is divided by 1788?
961
Calculate the remainder when 39981 is divided by 357.
354
Calculate the remainder when 553 is divided by 14.
7
Calculate the remainder when 53746 is divided by 111.
22
What is the remainder when 15948 is divided by 2276?
16
Calculate the remainder when 2764463 is divided by 645.
638
What is the remainder when 21321 is divided by 2131?
11
What is the remainder when 1726 is divided by 279?
52
What is the remainder when 25127 is divided by 2511?
17
What is the remainder when 5501 is divided by 166?
23
Calculate the remainder when 24699 is divided by 1452.
15
Calculate the remainder when 555448 is divided by 210.
208
What is the remainder when 92846 is divided by 55?
6
What is the remainder when 2972 is divided by 97?
62
What is the remainder when 1688 is divided by 473?
269
Calculate the remainder when 38738 is divided by 28.
14
What is the remainder when 6329 is divided by 183?
107
What is the remainder when 91977 is divided by 8?
1
What is the remainder when 10085 is divided by 478?
47
Calculate the remainder when 5229 is divided by 2614.
1
What is the remainder when 2602 is divided by 861?
19
What is the remainder when 55163 is divided by 30?
23
What is the remainder when 372 is divided by 46?
4
Calculate the remainder when 3573 is divided by 487.
164
What is the remainder when 1605502 is divided by 148?
146
Calculate the remainder when 28016 is divided by 171.
143
What is the remainder when 368796 is divided by 126?
120
What is the remainder when 30244 is divided by 115?
114
What is the remainder when 6778 is divided by 211?
26
What is the remainder when 682311 is divided by 58?
57
Calculate the remainder when 20774 is divided by 38.
26
What is the remainder when 129422 is divided by 43120?
62
Calculate the remainder when 23586 is divided by 23583.
3
Calculate the remainder when 313948 is divided by 75.
73
What is the remainder when 173911 is divided by 28983?
13
What is the remainder when 971 is divided by 344?
283
Calculate the remainder when 209790 is divided by 16.
14
Calculate the remainder when 405548 is divided by 357.
353
Calculate the remainder when 573154 is divided by 348.
346
What is the remainder when 96945 is divided by 48460?
25
Calculate the remainder when 221584 is divided by 455.
454
Calculate the remainder when 30471 is divided by 194.
13
What is the remainder when 102611 is divided by 25634?
75
What is the remainder when 12410 is divided by 2480?
10
Calculate the remainder when 34931 is divided by 2328.
11
Calculate the remainder when 147229 is divided by 49068.
25
Calculate the remainder when 3229686 is divided by 308.
306
What is the remainder when 11157 is divided by 30?
27
What is the remainder when 130386 is divided by 17?
13
Calculate the remainder when 8814 is divided by 2151.
210
Calculate the remainder when 625183 is divided by 135.
133
What is the remainder when 694 is divided by 61?
23
What is the remainder when 11657 is divided by 375?
32
What is the remainder when 3665 is divided by 9?
2
What is the remainder when 70395 is divided by 64?
59
What is the remainder when 27749 is divided by 375?
374
Calculate the remainder when 33085 is divided by 119.
3
What is the remainder when 2243 is divided by 94?
81
What is the remainder when 453559 is divided by 58?
57
Calculate the remainder when 124516 is divided by 316.
12
What is the remainder when 10208 is divided by 173?
1
What is the remainder when 2772 is divided by 121?
110
What is the remainder when 5012 is divided by 422?
370
What is the remainder when 6847 is divided by 95?
7
What is the remainder when 4439 is divided by 7?
1
What is the remainder when 110383 is divided by 386?
373
What is the remainder when 5111 is divided by 465?
461
Calculate the remainder when 2752 is divided by 79.
66
Calculate the remainder when 851303 is divided by 158.
157
Calculate the remainder when 15259 is divided by 1364.
255
Calculate the remainder when 12723 is divided by 28.
11
Calculate the remainder when 5332 is divided by 20.
12
What is the remainder when 492 is divided by 433?
59
What is the remainder when 24748 is divided by 603?
25
Calculate the remainder when 2528 is divided by 470.
178
Calculate the remainder when 169100 is divided by 114.
38
Calculate the remainder when 66127 is divided by 219.
208
Calculate the remainder when 124246 is divided by 702.
694
What is the remainder when 13740 is divided by 8?
4
Calculate the remainder when 64525 is divided by 296.
293
Calculate the remainder when 6318 is divided by 172.
126
What is the remainder when 439660 is divided by 8?
4
What is the remainder when 2772 is divided by 75?
72
What is the remainder when 8474 is divided by 2793?
95
Calculate the remainder when 4556 is divided by 2256.
44
Calculate the remainder when 72167 is divided by 582.
581
What is the remainder when 12757 is divided by 3186?
13
Calculate the remainder when 48555 is divided by 24148.
259
What is the remainder when 96229 is divided by 12020?
69
What is the remainder when 28726 is divided by 10?
6
Calculate the remainder when 54 is divided by 47.
7
Calculate the remainder when 654 is divided by 43.
9
Calculate the remainder when 8515 is divided by 341.
331
Calculate the remainder when 4024 is divided by 62.
56
What is the remainder when 720 is divided by 85?
40
Calculate the remainder when 182813 is divided by 93.
68
Calculate the remainder when 9114 is divided by 4440.
234
Calculate the remainder when 9849 is divided by 56.
49
What is the remainder when 209463 is divided by 258?
225
What is the remainder when 172793 is divided by 186?
185
Calculate the remainder when 26219 is divided by 23.
22
What is the remainder when 120681 is divided by 419?
9
What is the remainder when 1162 is divided by 109?
72
Calculate the remainder when 357355 is divided by 215.
25
Calculate the remainder when 1802 is divided by 311.
247
What is the remainder when 9609 is divided by 464?
329
Calculate the remainder when 1309557 is divided by 210.
207
What is the remainder when 384 is divided by 360?
24
What is the remainder when 5837 is divided by 48?
29
What is the remainder when 9812 is divided by 617?
557
What is the remainder when 8051 is divided by 6267?
1784
Calculate the remainder when 116971 is divided by 6.
1
Calculate the remainder when 4033 is divided by 575.
8
What is the remainder when 13020 is divided by 148?
144
What is the remainder when 17644 is divided by 34?
32
Calculate the remainder when 11660 is divided by 307.
301
Calculate the remainder when 8486 is divided by 1060.
6
Calculate the remainder when 61766 is divided by 142.
138
What is the remainder when 460 is divided by 149?
13
What is the remainder when 2051 is divided by 271?
154
Calculate the remainder when 358679 is divided by 228.
35
Calculate the remainder when 156207 is divided by 275.
7
What is the remainder when 70285 is divided by 221?
7
What is the remainder when 1999436 is divided by 238?
236
What is the remainder when 2203 is divided by 2167?
36
Calculate the remainder when 136207 is divided by 31.
24
Calculate the remainder when 94 is divided by 89.
5
What is the remainder when 4369 is divided by 210?
169
Calculate the remainder when 3435 is divided by 48.
27
What is the remainder when 54585 is divided by 14?
13
Calculate the remainder when 174302 is divided by 2100.
2
Calculate the remainder when 29328 is divided by 341.
2
Calculate the remainder when 190773 is divided by 23841.
45
Calculate the remainder when 11168 is divided by 414.
404
What is the remainder when 2240 is divided by 1852?
388
Calculate the remainder when 11387 is divided by 550.
387
What is the remainder when 168854 is divided by 168826?
28
What is the remainder when 2424 is divided by 2387?
37
What i